054227?
113
What is the greatest common factor of 22040 and 76517370?
5510
What is the greatest common factor of 6877859 and 973?
139
What is the greatest common divisor of 1969665 and 3?
3
What is the greatest common factor of 84 and 174196218?
42
What is the greatest common divisor of 32568453 and 243?
27
Calculate the greatest common factor of 4882713 and 22.
11
Calculate the greatest common divisor of 7213 and 346.
1
Calculate the highest common factor of 13991625 and 1125.
1125
Calculate the greatest common factor of 20955 and 3655695.
1905
What is the highest common divisor of 121 and 8679?
11
What is the greatest common factor of 1154309688 and 12?
12
What is the highest common divisor of 850383300 and 156?
156
Calculate the highest common factor of 66755 and 1089205.
845
Calculate the highest common divisor of 287408 and 32234.
142
What is the highest common divisor of 73 and 384806287?
73
What is the greatest common factor of 1114 and 97780236?
1114
What is the highest common divisor of 74 and 3522?
2
Calculate the greatest common divisor of 6975 and 1628430.
465
Calculate the greatest common factor of 1796 and 13003489.
449
What is the greatest common factor of 27033230 and 374?
34
Calculate the greatest common factor of 6966972 and 2349.
81
Calculate the highest common factor of 513 and 42141168.
27
Calculate the greatest common divisor of 3184 and 338320.
16
What is the greatest common factor of 1831350 and 2350?
50
What is the greatest common divisor of 1570698 and 20485272?
6018
Calculate the highest common factor of 37752 and 43032.
264
Calculate the greatest common factor of 42 and 885129.
21
What is the highest common divisor of 20 and 624304210?
10
Calculate the highest common factor of 13817 and 85935.
337
Calculate the highest common factor of 337984 and 128.
64
Calculate the greatest common factor of 28554800 and 120.
40
Calculate the highest common factor of 23943 and 165166795.
7981
What is the highest common divisor of 59 and 35376695?
59
Calculate the highest common divisor of 498 and 24747363.
249
What is the highest common divisor of 398936340 and 3240?
1620
Calculate the greatest common factor of 126103 and 219777618.
6637
Calculate the greatest common factor of 917378 and 922817.
1813
Calculate the highest common factor of 62976 and 124.
4
What is the highest common divisor of 1521 and 15072?
3
What is the greatest common divisor of 1394822 and 7722?
286
Calculate the highest common divisor of 8382 and 891858.
66
What is the greatest common factor of 13401998 and 123?
41
What is the greatest common divisor of 667470 and 100890?
570
What is the highest common divisor of 48 and 614257520?
16
Calculate the greatest common factor of 2114 and 150010.
14
Calculate the greatest common divisor of 1887460 and 12.
4
What is the highest common divisor of 5704 and 176889472?
248
What is the highest common factor of 1999000 and 160?
40
What is the highest common factor of 3 and 131207613?
3
What is the greatest common divisor of 58943240 and 14760?
1640
Calculate the highest common factor of 46774 and 2421692.
182
Calculate the highest common divisor of 17007487 and 7.
7
Calculate the highest common factor of 991623 and 36507.
129
Calculate the highest common divisor of 89256438 and 1566.
54
Calculate the highest common divisor of 176 and 3307348.
44
What is the highest common divisor of 889236 and 3774?
102
Calculate the highest common factor of 399891 and 17289.
51
Calculate the greatest common factor of 40638 and 4556214.
78
Calculate the highest common divisor of 85596 and 170688.
84
Calculate the highest common factor of 18 and 1945248.
6
What is the greatest common divisor of 29630 and 272824151?
2963
What is the greatest common factor of 495154821 and 453?
453
Calculate the highest common factor of 626820 and 2635.
155
Calculate the highest common divisor of 15978505 and 1270.
635
Calculate the highest common divisor of 13742 and 1986942038.
13742
What is the greatest common divisor of 1515 and 20336855?
505
Calculate the greatest common factor of 214 and 247919.
107
What is the highest common factor of 28696289 and 11305?
323
Calculate the highest common divisor of 35077582 and 3618.
134
What is the highest common divisor of 2809959 and 3624?
453
Calculate the highest common divisor of 345622 and 22826.
202
Calculate the highest common factor of 42572060 and 100.
20
Calculate the highest common factor of 3532 and 251105774.
1766
Calculate the highest common factor of 36408 and 17136.
24
Calculate the greatest common divisor of 1751672946 and 654.
654
Calculate the greatest common factor of 6554 and 23701352.
58
Calculate the highest common divisor of 59865436 and 20.
4
Calculate the greatest common divisor of 4 and 71352364.
4
Calculate the highest common divisor of 23244520 and 260.
260
Calculate the highest common factor of 2966 and 1142.
2
What is the greatest common divisor of 985400 and 3400?
200
What is the highest common factor of 44954 and 1444?
38
Calculate the highest common factor of 14436 and 144036.
36
What is the greatest common factor of 75345 and 112781419?
5023
Calculate the highest common factor of 165500372 and 272.
68
What is the highest common factor of 2954576 and 272?
16
Calculate the greatest common divisor of 6276401 and 115.
23
What is the greatest common factor of 930 and 264174?
6
What is the highest common divisor of 48 and 21554584?
8
What is the greatest common divisor of 18 and 20568474?
18
Calculate the greatest common factor of 43902558 and 14.
14
Calculate the highest common divisor of 12 and 24871016.
4
What is the greatest common divisor of 2856 and 11219133?
51
What is the highest common divisor of 32 and 127070824?
8
What is the highest common divisor of 627 and 125295918?
627
What is the highest common divisor of 8702 and 62095640?
458
What is the highest common factor of 219825 and 279900?
225
Calculate the greatest common factor of 40 and 10158088.
8
Calculate the greatest common factor of 3345 and 1185.
15
What is the greatest common factor of 6274625 and 6035?
355
What is the greatest common factor of 3465 and 2762475?
15
Calculate the greatest common divisor of 1131841 and 29667.
899
What is the greatest common factor of 6695408 and 1264?
1264
What is the highest common factor of 17045 and 8883854?
3409
Calculate the highest common divisor of 5174406 and 628.
314
What is the highest common divisor of 1739181 and 2103?
2103
What is the highest common factor of 5974 and 10069486?
206
Calculate the greatest common divisor of 752717 and 9376.
293
Calculate the highest common factor of 241847640 and 216.
216
Calculate the highest common factor of 2 and 4465978.
2
Calculate the highest common factor of 569541456 and 2316.
2316
What is the highest common divisor of 3405054366 and 3634?
3634
Calculate the greatest common factor of 1554832 and 16.
16
Calculate the greatest common factor of 16422728 and 24.
8
What is the highest common divisor of 1223 and 25341783?
1223
What is the highest common factor of 1576 and 486824036?
788
Calculate the highest common factor of 70 and 14050030.
10
What is the greatest common factor of 11424561 and 1377?
51
What is the greatest common factor of 1635 and 1157340?
15
Calculate the greatest common factor of 98701656 and 456.
456
What is the highest common factor of 3112 and 70047619?
389
Calculate the highest common divisor of 209 and 185575907.
209
What is the greatest common divisor of 3621 and 3351?
3
What is the greatest common divisor of 210 and 25633860?
210
What is the greatest common factor of 1814220 and 1620?
180
What is the greatest common divisor of 383720 and 119780?
1060
Calculate the greatest common factor of 11875 and 12862050.
475
What is the highest common divisor of 12960 and 42074640?
6480
What is the greatest common divisor of 28262 and 7046?
26
What is the highest common divisor of 23 and 309732743?
23
What is the greatest common divisor of 446946 and 7824?
978
What is the highest common factor of 124 and 145522556?
124
What is the highest common divisor of 1251910 and 6213?
19
What is the highest common factor of 67896 and 3080412?
1476
What is the highest common divisor of 33075 and 33325?
25
What is the greatest common 